 value of -71 + (83 - 3 - (209 + -163))?
-37
Calculate 6 - (-37 - -33) - (7 + 2 - 56).
57
What is 6 + -45 + (19 + 32 - -135)?
147
Calculate 23 + 1 - (34 + (92 - -13)).
-115
What is the value of (9 - 0) + (-14 - (-4 + 10) - -8)?
-3
What is the value of (2 - (-10 - 25 - 8)) + (2 - 11)?
36
What is the value of 110 + ((-4 - -14) + -3 - ((30 - 12) + 0))?
99
Calculate (42 - -46 - 40) + -38.
10
What is 191 + (-23 - (11 + 40)) + 37?
154
Evaluate -10 + -9 - (1 + -38) - -5.
23
Evaluate 5 - (57 + -39 + -4 + -4).
-5
Calculate 10 - -79 - (238 - 224).
75
What is 5 + 9 + (-15 - -7) - (63 - 52)?
-5
What is -9 + 71 + -25 - (5 - 1) - 7?
26
What is 0 - 17 - (62 - (-66 + 69 - -38))?
-38
(25 - (-23 - -18)) + -57 - 19
-46
What is -57 + -1 - (-89 + 101 + (-1 - 11))?
-58
-27 + -16 + -33 + -11
-87
What is the value of 7 - (-3 - (5 + -10 - 1)) - (84 + -34)?
-46
What is the value of (-12 - -27 - -9) + -31 + -31?
-38
What is -5 + -1 + (130 - (-4 + 147))?
-19
9 - (2 + 2 + 9) - (108 + -106)
-6
Evaluate 2 + -18 + (479 - 426).
37
What is the value of -15 + 34 + -18 - -2 - (8 + 1 + 3)?
-9
Evaluate -18 - (-4 - (7 + -2 + 0)).
-9
(-4 - 91 - 3) + 24 + -22 + 1 + -3
-98
What is the value of 10 - (-13 + -12 + -9 + 2 + (-1 - 0))?
43
What is the value of 247 - 234 - (5 - -3 - -5)?
0
What is the value of 1 - 16 - -51 - (5 - 12)?
43
Evaluate 44 + 1 - (-13137 - -13108).
74
Evaluate 66 + -43 + -30 - (11 - -1).
-19
Calculate 44 + (-88 - (9 + 9)).
-62
What is the value of 2 - -5 - (2 + 101 + (-50 - -64) + 0)?
-110
101 + -15 + -48 - 6
32
What is -342 + 319 + 0 + (4 - 2)?
-21
What is -21 + 24 - (-42 + 71)?
-26
Evaluate (271 - 256) + 14 + -4 + -3.
22
Evaluate -3 + -6 - (2 - 3) - ((65 - 98) + -32).
57
(4 - (2 - (3 - (13 + -5)))) + -1 + -7
-11
What is 78 + (-96 + -7 - -5)?
-20
What is the value of -3 + -5 - -23 - (-4 + (-13 - -20) + -11)?
23
Calculate -1 + (98 - 1) + -143 + (65 - 21) + 90.
87
(-2 - -22 - 8) + 4 + 0 + 8
24
Calculate (58 - 90) + 102 + -91.
-21
-48 + 8 + -16 + 29
-27
Evaluate ((-16 - -25) + 0 - (9 - (3 - 0))) + 13.
16
-172 + 179 + 11 + 2 + (4 + -15 - -6)
15
What is the value of -2 + -2 + 175 + -202 + -3 + 21?
-13
What is (-79 - ((-17 - -10) + -1)) + -2 + (-12 - -5)?
-80
Calculate (28 - (25 - -47)) + 48 - (-1 + 60).
-55
What is (72 - (31 + 64)) + 80?
57
What is the value of 134 - (34 - -84) - (1 - -17)?
-2
What is 47 + -22 + -17 - 29?
-21
Evaluate -20 + (26 - 13) - (-11 + -1 + -2).
7
What is 23 + (-36 + 44 - 12)?
19
What is 0 + 3 + -16 + -37 + (-22 - -6 - -8)?
-58
88 + -93 - -97 - 163
-71
Calculate 246 + 4 - (4170 - 4018).
98
Calculate (-13 - (2 + -13 + 2)) + (-44 - 6).
-54
What is 67 + -2 - (38 - 70 - -42)?
55
Evaluate -87 + (173 - 73) - 50.
-37
Calculate (-134 - -146) + (-2 + -70 - (10 + 0 - 7)).
-63
Evaluate 3 + (-2 - (-15 + -40 - (-1 - -8))).
63
What is the value of -27 - (33 + -12 + (20 - 8))?
-60
10 - -10 - -24 - (8 + 1 - (-27 - -30))
38
43 + 19 + -36 - (-3 + -7)
36
Calculate -186 + (237 - (5 + 105)).
-59
What is the value of 34 + (8 + -23 - -25) + -24?
20
Calculate 54 + 1 + (13 - (18 - -9)).
41
Evaluate -7 - (113 + -115 + -135).
130
Calculate -46 - (-2 - 11 - (-6 + 11 + -7)).
-35
(-33 + 1 - -41) + (-11 - -10)
8
(9 - 35) + 0 + 1 + (140 - 129)
-14
What is the value of -12 - (-2 - (-19 - 31))?
-60
What is the value of 1 + 0 + (-24 + (-9 - -13) - -47)?
28
What is the value of -26 + 5 - (2623 + -2594)?
-50
What is -34 + -71 + 53 + (9 - -14)?
-29
Evaluate -5 + (-161 - -208 - (2 + 5)).
35
What is the value of (41 + -3 - 51 - -4) + -59?
-68
What is -22 + 42 - (-4 + 9 + -2) - 15?
2
What is the value of (-69 + 252 - 137) + (3 - 44)?
5
15 - (-25 + (-11 - -8) + 17 + -29)
55
(-28 - -1) + (-266 - -240) + 2 + 17
-34
What is the value of 26 + (55 - 75) + (6 - -2)?
14
5 + -11 + 4 - (-2 - 11 - 69 - -5)
75
13 - -3 - (-5 + -3 + 6 + -103)
121
What is 1 - (39 + -37) - (0 + -6)?
5
What is (-2 - (-4 + 3)) + (-3 - -5 - (70 + -24))?
-45
What is 0 + 74 + -13 + -10 + (32 + -6 - 6)?
71
What is the value of (26 - -1) + (764 - 807)?
-16
Calculate -2 + 68 + -24 + -55 + (52 - -1 - 0).
40
What is the value of (-79 - -70) + 71 + -19 + 3?
46
Evaluate (-48 - -40) + (-11 + 2 - (-101 - -133)).
-49
Calculate (-19 - 25) + 90 - 54.
-8
What is 37 - -9 - ((-22 - -1) + 19 - 9)?
57
What is (-52 - (9 + -3 + -3) - -4) + (82 - 92)?
-61
Evaluate (9 - 7 - -3) + -10 + (1 - -1) + -23.
-26
Evaluate 1383 - 1357 - (1 + (1 - 11)) - -5.
40
What is the value of 0 + -8 + 16 + -5 - -41?
44
Calculate -103 + 1 - (-20 + -8 - -2).
-76
Calculate 1 + -3 + 22 + -1 + (270 - 261).
28
Calculate 13 + -1 + 3 - (-69 + 83).
1
Calculate 33 + (-54 - -97) + -42.
34
(37 - 90) + 58 - 30
-25
What is -54 - ((55 - 187) + 70)?
8
What is -1 + 38 + -1 - (50877 + -50841)?
0
What is 18 + 1 - (135 + -74 + -24)?
-18
Calculate 6378 + -6213 - (-3 - -1 - -38).
129
What is the value of -6 + -4 + 74 - (5 - (-2 + 11 + 1))?
69
(0 - ((-3 - 0) + 0)) + (21 - -13 - 43)
-6
What is the value of 1 + -61 + -11561 + 11544?
-77
What is (-15 - (4 - (15 - 3)) - (3 + 0)) + -34?
-44
-288 + 288 + (-23 - -2)
-21
What is the value of 2 + (24 - 38) - -12 - 38?
-38
(-17 - 0) + 17 + (-7 - -26) + -28
-9
What is -2 - (-38 + 2 - ((-22 - 3) + 46 + -19))?
36
Calculate 22 - (-7 + -27 + 16 + 12 + 11).
17
Calculate -5 + (-13 - -30) + -14 + -7 + 7 + 0.
-2
What is -1 + 1 + 0 + -40 + (88 - 56)?
-8
What is the value of -38 + 96 + 11 - 57?
12
-64 + (-475 - -470 - (0 - (-4 - -6)))
-67
Calculate -5 - ((3 - -6) + -19) - 3 - 39.
-37
What is 31 + (1 - 1) - (-6689 + 6697)?
23
What is 70 + -55 - -83 - (-3 + 12)?
89
-14 + -43 + (0 - -25)
-32
What is -11 + (-3 - (9 + 5 + -14))?
-14
12 + -42 + 40 - (30 - (4 + 0))
-16
What is the value of 19 + 6 + -49 + 58?
34
What is the value of (149 - 2) + (-3743 - -3560)?
-36
Calculate 42 + 5 - (-2666 + 2738).
-25
What is 34 - (14 + 25 + -30)?
25
What is the value of -296 + 306 + 12 + 0 - 33?
-11
Evaluate 60 + -40 + -13 + -3 + 1 + -4 + -1.
0
What is 7 + 3 - (((4 - 16) + 3 - 0) + 75)?
-56
What is 4 - (-21 + 4) - (3 - (3 + 5))?
26
12 + -1 + 3 - (13 - (5 + 13))
19
Calculate (29 + (20 - -1) - 27) + -31.
-8
(-143 + 100 - (-28 - 12)) + (2 - 17) + 1
-17
Evaluate 1 - 3 - (7 + -2 + -26 + (-60 - -80)).
-1
-106 + -4 - (5 + (8 - -2) + 0) - 4
-129
17 + (216 - 195) + -36 + 2
4
What is (-1295 - -1299) + -41 + -1?
-38
Evaluate (3 - 92) + -1504 + 1608.
15
Evaluate (1 + -47 - -1 - (-6265 - -6281)) + 5 + 1.
-55
Evaluate 76 - 62 - (-6 + 37).
-17
What is 4 - (-19 - 0) - (-19 - -74)?
-32
What is the value of (7 - (28 - 45)) + -194 + 45?
-125
What is 112 - (-88 + (-87 - -195))?
92
Evaluate -6 - (5 - ((-1 - 5) + 22) - (1 + -6)).
0
What is the value of (33 - 27) + (-1 + 2 - 0) + 0 + 18?
25
40 + (36 - (99 - -44))
-67
What is 2 + 1 + (-18 - -1) + (-88 - -106)?
4
What is the value of 40 - (-23 - (24 - 93))?
-6
15 + 5 + -12 + -8 + (-1 - (-2 + 33))
-32
Calculate -53 - (10 + 35 + -19 + -25 + 16).
-70
Calculate -11 + (-8 - -2 - (19 + 1)).
-37
Evaluate 1 + (47 - 16) + 26.
58
What is the value of -7 + 3 + (1 - (12 + -13)) + -55?
-57
0 + 12 + (17 - (-4 - (6 - 5)))
34
Evaluate 87 + 43 + (-12 + 33 - 1) + -42.
108
What is the value of (1 + (-10 - -10) + -33 - 10) + -4?
-46
What is -7 + 15 - (8 + 26) - -46?
20
Calculate (23 - 1) + (-96 - 49) - (-20 + 0).
-103
What is the value of (13451 - 13480) + (-2 - -3 - (-8 - 0))?
-20
What is the value of 442 + -435 - (2 - -3 - -28)?
-26
Calculate (-7 + 7 - (-2 + 14)) + (14 - 27).
-25
(-8 - (19 - 51)) + -17 + -1
6
What is the value of 8 + -7 + (2 + -3 - 6) + 10 - -42?
46
Evaluate 32 + 7 + -83 + 87 + (-3 - (3 + -6)).
43
Calculate 4 + -16 + 13 + 11 - (25 - 0).
-13
Calculate 63 - (-9 + (-3 - 9) + 8 - (0 - 16)).
60
Calculate -130 + -25 + 43 + (14 - -6).
-92
-25 + (135 - -11) + -63
58
What is the value of 48 - (75 + -39 + -29)?
41
What is 6 - ((-5 - 40) + (-62 - -93))?
20
-43 + (-45 - -80) - -12 - (1 + -80 + 1)
82
Calculate -8 + 50 - -57 - 37 - (1 - (2 + -8)).
55
What is -72 - (13 - 14 - (-71 - -47))?
-95
What is (-1 - 33) + (-33869 - -33978)?
75
What is (150 - 57 - 45) + (2 - -4)?
54
What is the value of -1 + 3 + (-327 - -275) + 11?
-39
Calculate (4 - (12 + -7 + 34)) + 0 + -12.
-47
Calculate 31 - (50 + -47) - 25 - (0 - 27).
30
Calculate 20 + ((7 - -19) + -5 - 38) - (-3 - 72).
78
Evaluate -2 + 49 + 135 + (66 - 163).
85
Calculate 47 - ((28 - 25) + 28).
16
Calculate -9 + (-18 - 